0 and 38300.
100
What is the greatest common divisor of 5559 and 13080?
327
What is the greatest common factor of 16974 and 123?
123
What is the greatest common divisor of 43692 and 41375?
331
Calculate the highest common divisor of 92 and 60858.
46
Calculate the highest common factor of 1279055 and 1563.
521
Calculate the highest common factor of 877800 and 418.
418
Calculate the greatest common divisor of 13303 and 212.
53
Calculate the greatest common divisor of 90 and 18750.
30
What is the greatest common divisor of 611860 and 50?
10
Calculate the highest common divisor of 67531 and 4.
1
Calculate the greatest common factor of 1015 and 580.
145
What is the greatest common divisor of 448 and 375480?
56
Calculate the highest common divisor of 7740 and 204.
12
What is the highest common divisor of 72 and 10966392?
72
Calculate the highest common divisor of 1215 and 22599.
243
What is the highest common factor of 6512 and 105776?
176
Calculate the greatest common factor of 8922 and 6.
6
What is the highest common divisor of 1776152 and 6440?
1288
What is the highest common factor of 9918 and 38?
38
Calculate the highest common factor of 4416 and 168.
24
What is the greatest common factor of 37257 and 319?
11
Calculate the greatest common factor of 240 and 5856.
48
Calculate the highest common factor of 1177 and 47401.
107
What is the greatest common factor of 35 and 35?
35
Calculate the greatest common factor of 19 and 1841309.
19
What is the highest common divisor of 198 and 1440918?
18
What is the greatest common divisor of 304 and 91048?
152
Calculate the greatest common factor of 17490 and 1320.
330
What is the highest common factor of 280 and 3220?
140
Calculate the highest common divisor of 4727 and 13529.
163
What is the highest common divisor of 56442 and 7590?
138
Calculate the greatest common factor of 2924 and 1224.
68
What is the greatest common divisor of 61368 and 120?
24
What is the highest common divisor of 876 and 4745?
73
What is the greatest common factor of 384 and 198048?
96
Calculate the greatest common factor of 216 and 359736.
24
What is the greatest common divisor of 8289 and 11637?
27
What is the greatest common divisor of 1292 and 2261?
323
What is the greatest common divisor of 45636 and 60?
12
Calculate the greatest common factor of 28698 and 666.
6
What is the greatest common factor of 23364 and 90?
18
What is the highest common divisor of 105 and 609105?
105
Calculate the highest common divisor of 36248 and 2944.
184
Calculate the greatest common factor of 483964 and 454.
454
Calculate the greatest common divisor of 18015 and 1185.
15
Calculate the greatest common divisor of 30008 and 496.
248
Calculate the greatest common factor of 1 and 15409.
1
Calculate the greatest common factor of 5314 and 24.
2
What is the greatest common factor of 14 and 9413110?
14
What is the highest common factor of 910 and 31430?
70
Calculate the greatest common divisor of 153354 and 3538.
122
What is the highest common divisor of 1968 and 6000?
48
Calculate the highest common factor of 1290 and 7430.
10
What is the highest common factor of 46314 and 16434?
1494
What is the highest common factor of 147 and 34377?
21
Calculate the greatest common factor of 32 and 1996.
4
What is the greatest common factor of 99400 and 5?
5
What is the highest common divisor of 42506 and 265?
53
What is the greatest common divisor of 150 and 871850?
50
Calculate the greatest common factor of 120 and 73640.
40
What is the greatest common divisor of 28990 and 2405?
65
Calculate the highest common factor of 2858230 and 10.
10
What is the highest common divisor of 279730 and 1210?
110
Calculate the highest common divisor of 992 and 38440.
248
Calculate the greatest common factor of 924 and 51436.
308
What is the greatest common divisor of 126174 and 186?
6
What is the greatest common factor of 1096 and 141247?
137
Calculate the greatest common factor of 2603 and 1596.
19
Calculate the highest common divisor of 96 and 2743296.
96
What is the highest common factor of 222 and 890?
2
What is the greatest common factor of 309 and 49293?
3
Calculate the greatest common divisor of 1729330 and 20.
10
Calculate the highest common divisor of 6 and 5092.
2
What is the greatest common factor of 26883 and 25956?
927
What is the greatest common factor of 388 and 71974?
194
What is the highest common divisor of 972 and 9180?
108
What is the greatest common divisor of 342656 and 128?
128
What is the highest common divisor of 527 and 63257?
17
Calculate the highest common divisor of 63 and 244503.
63
What is the greatest common factor of 38269 and 3234?
539
Calculate the greatest common factor of 1157 and 52.
13
What is the highest common factor of 27979 and 343?
49
What is the highest common factor of 1030 and 528905?
515
What is the highest common divisor of 19 and 60097?
19
What is the greatest common factor of 113 and 341147?
113
Calculate the highest common factor of 5304 and 11688.
24
Calculate the highest common factor of 10728 and 360.
72
Calculate the highest common divisor of 1840 and 25415.
115
What is the greatest common divisor of 126 and 6748?
14
What is the greatest common divisor of 364 and 4108?
52
Calculate the highest common factor of 1539 and 1296.
81
Calculate the highest common factor of 1577064 and 48.
24
Calculate the greatest common divisor of 53412 and 12.
12
What is the greatest common factor of 144 and 169404?
12
Calculate the highest common factor of 3830 and 610.
10
Calculate the greatest common divisor of 9520 and 24395.
595
What is the highest common divisor of 4 and 4012?
4
Calculate the highest common divisor of 45960 and 13710.
30
What is the highest common factor of 184 and 45678?
46
What is the greatest common factor of 77 and 37697?
11
What is the greatest common divisor of 3876 and 14739?
51
What is the highest common factor of 142 and 188434?
142
What is the greatest common divisor of 11782 and 172?
86
What is the highest common divisor of 3664 and 185261?
229
What is the greatest common divisor of 957 and 3894?
33
Calculate the greatest common divisor of 6110 and 490.
10
Calculate the highest common factor of 185810 and 20.
10
Calculate the highest common divisor of 18667 and 1903.
11
Calculate the greatest common factor of 6160 and 2804560.
880
What is the highest common factor of 2023 and 14144?
17
Calculate the highest common divisor of 666 and 117438.
222
Calculate the highest common factor of 40919 and 15283.
493
Calculate the highest common factor of 886 and 3055814.
886
What is the greatest common factor of 240737 and 735?
49
Calculate the highest common divisor of 792 and 857648.
88
Calculate the greatest common factor of 331409 and 507.
169
Calculate the greatest common divisor of 1295816 and 8.
8
What is the highest common factor of 46 and 1534?
2
Calculate the greatest common divisor of 64662 and 78.
78
Calculate the highest common factor of 690 and 194040.
30
Calculate the highest common divisor of 1103333 and 2695.
539
Calculate the highest common factor of 22989 and 15642.
237
What is the greatest common divisor of 154 and 73766?
154
Calculate the highest common divisor of 2485 and 14271.
71
What is the highest common divisor of 212225 and 325?
325
Calculate the highest common divisor of 20 and 559160.
20
Calculate the greatest common factor of 8900 and 950.
50
Calculate the highest common factor of 8047 and 15475.
619
Calculate the highest common divisor of 41933 and 8227.
19
What is the greatest common divisor of 188123 and 377?
377
Calculate the greatest common factor of 95 and 1038483.
19
What is the highest common divisor of 4648 and 224?
56
Calculate the highest common divisor of 51083 and 138.
23
What is the greatest common factor of 24168 and 2226?
318
What is the greatest common divisor of 86616 and 1008?
72
Calculate the greatest common divisor of 738 and 45.
9
Calculate the highest common divisor of 62900 and 37.
37
What is the greatest common factor of 5144922 and 477?
477
Calculate the highest common factor of 29508 and 84.
12
What is the highest common divisor of 38 and 3615491?
19
What is the highest common factor of 216389 and 5648?
353
What is the greatest common divisor of 435160 and 1150?
230
Cal